e number?
False
Is 1883 composite?
True
Is 23941 a composite number?
True
Is 1061 composite?
False
Is 493 a composite number?
True
Is 491 a composite number?
False
Is 797369 prime?
False
Is 7177 prime?
True
Is 382267 a composite number?
False
Is 6187 a prime number?
False
Is 26339 a prime number?
True
Is 21977 a composite number?
False
Is 8417 composite?
True
Is 31865 a composite number?
True
Is 664303 a prime number?
False
Is 33851 prime?
True
Is 53347 a prime number?
False
Is 11369 a composite number?
False
Is 3949 a prime number?
False
Is 630319 a composite number?
False
Is 237 composite?
True
Is 108538 a prime number?
False
Is 48227 composite?
True
Is 6731 composite?
True
Is 11017 a composite number?
True
Is 172259 a composite number?
False
Is 6467 a prime number?
False
Is 62411 composite?
True
Is 270401 a composite number?
True
Is 5587 a composite number?
True
Is 53779 composite?
True
Is 444833 prime?
True
Is 2143343 prime?
False
Is 2857 composite?
False
Is 1931 prime?
True
Is 470389 prime?
True
Is 1294153 composite?
True
Is 11989 composite?
True
Is 19207 a prime number?
True
Is 156467 a composite number?
False
Is 1361389 composite?
False
Is 1294301 a prime number?
True
Is 25511 composite?
True
Is 575755 a prime number?
False
Is 33071 composite?
False
Is 1653287 a prime number?
True
Is 8513 prime?
True
Is 8186 a composite number?
True
Is 258554 a composite number?
True
Is 83813 prime?
True
Is 74311 composite?
False
Is 583 composite?
True
Is 262729 a composite number?
True
Is 624329 prime?
True
Is 68957 prime?
False
Is 7607 a prime number?
True
Is 189149 a prime number?
True
Is 2158477 composite?
False
Is 100789 composite?
True
Is 74587 a prime number?
True
Is 269683 composite?
False
Is 92269 a composite number?
False
Is 602673 composite?
True
Is 79961 a prime number?
False
Is 41167 prime?
False
Is 73703 a prime number?
False
Is 65774 composite?
True
Is 113065 composite?
True
Is 48838 a prime number?
False
Is 3763 a composite number?
True
Is 210481 a prime number?
True
Is 6947 a composite number?
False
Is 2309 a prime number?
True
Is 8653 a prime number?
False
Is 27815 composite?
True
Is 235193 prime?
False
Is 4927 a composite number?
True
Is 110863 a prime number?
True
Is 15877 a prime number?
True
Is 20027 prime?
False
Is 277373 a prime number?
True
Is 1148846 composite?
True
Is 715807 a prime number?
False
Is 6761 a prime number?
True
Is 91801 a prime number?
True
Is 582247 a composite number?
False
Is 23797 composite?
True
Is 1133 a composite number?
True
Is 13831 prime?
True
Is 31439 a prime number?
False
Is 10243 composite?
False
Is 34439 composite?
False
Is 13033 a prime number?
True
Is 167953 prime?
True
Is 9599 a composite number?
True
Is 757477 prime?
False
Is 1210967 a composite number?
False
Is 13001 a composite number?
False
Is 3924898 a prime number?
False
Is 51873 composite?
True
Is 3881 prime?
True
Is 25481 prime?
False
Is 1435843 a prime number?
False
Is 256931 a prime number?
True
Is 37337 composite?
False
Is 17729 composite?
False
Is 3026965 a prime number?
False
Is 271877 composite?
True
Is 94181 a composite number?
True
Is 33365 prime?
False
Is 755539 a prime number?
True
Is 107141 composite?
True
Is 21305 a composite number?
True
Is 1170899 a composite number?
False
Is 568801 prime?
False
Is 40841 a composite number?
False
Is 56519 a composite number?
False
Is 19743 prime?
False
Is 287731 a composite number?
False
Is 5501 a composite number?
False
Is 2069 a composite number?
False
Is 1334735 prime?
False
Is 164847 a prime number?
False
Is 13649 a composite number?
False
Is 158579 prime?
False
Is 1269139 composite?
True
Is 29519 a prime number?
False
Is 542551 a prime number?
True
Is 7019 prime?
True
Is 111409 composite?
False
Is 1611667 a prime number?
True
Is 593 a composite number?
False
Is 668327 composite?
True
Is 129707 composite?
False
Is 1949 a prime number?
True
Is 23797 a prime number?
False
Is 69607 prime?
False
Is 29927 composite?
False
Is 4201 composite?
False
Is 34739 composite?
False
Is 65167 a composite number?
False
Is 49 a prime number?
False
Is 1727 prime?
False
Is 284241 a composite number?
True
Is 123001 composite?
False
Is 57631 a prime number?
False
Is 3119 a composite number?
False
Is 9327 composite?
True
Is 609497 prime?
False
Is 130091 a composite number?
True
Is 3277 prime?
False
Is 799963 a prime number?
False
Is 77782 prime?
False
Is 4177 prime?
True
Is 15481 prime?
False
Is 946367 composite?
False
Is 12479 prime?
True
Is 49237 a prime number?
False
Is 139739 a composite number?
False
Is 318377 a prime number?
True
Is 71911 a composite number?
True
Is 482297 a composite number?
True
Is 163901 prime?
True
Is 61849 composite?
True
Is 4985393 a composite number?
True
Is 6421 a composite number?
False
Is 20981 a prime number?
True
Is 3565531 composite?
False
Is 5483909 a composite number?
False
Is 1305869 a prime number?
True
Is 31679 a composite number?
True
Is 37847 prime?
True
Is 2018561 a composite number?
False
Is 70529 prime?
True
Is 681293 a prime number?
True
Is 1459583 a composite number?
False
Is 5273 a composite number?
False
Is 121763 a composite number?
False
Is 209639 prime?
True
Is 809957 a prime number?
False
Is 636995 a prime number?
False
Is 63445 a prime number?
False
Is 529267 composite?
True
Is 50602 a composite number?
True
Is 29371 composite?
True
Is 339917 prime?
False
Is 28297 composite?
False
Is 2459 a composite number?
False
Is 18899 composite?
False
Is 183239 composite?
True
Is 387329 composite?
False
Is 321463 a composite number?
True
Is 55997 prime?
True
Is 631 a prime number?
True
Is 75503 composite?
False
Is 33287 a prime number?
True
Is 101617 a prime number?
False
Is 125093 a prime number?
True
Is 560783 a composite number?
False
Is 1121189 a composite number?
False
Is 107753 composite?
True
Is 5737 prime?
True
Is 74131 a composite number?
False
Is 10037 a composite number?
False
Is 1461326 a composite number?
True
Is 2161 a composite number?
False
Is 1439 composite?
False
Is 1252502 composite?
True
Is 12143 prime?
True
Is 137699 composite?
False
Is 7283 composite?
False
Is 61951 a prime number?
False
Is 449821 a composite number?
False
Is 1553249 prime?
True
Is 4073 a prime number?
True
Is 340477 composite?
False
Is 4001 a composite number?
False
Is 8287 composite?
False
Is 31957 a prime number?
True
Is 7747 a composite number?
True
Is 3433 composite?
False
Is 212687 prime?
False
Is 12097 a composite number?
False
Is 256423 a prime number?
True
Is 1319261 a composite number?
False
Is 442049 prime?
False
Is 567779 a prime number?
True
Is 17827 a composite number?
False
Is 133999 composite?
False
Is 225805 composite?
True
Is 107003 composite?
True
Is 661197 a composite number?
True
Is 221099 a composite number?
True
Is 125813 a composite number?
False
Is 65053 a prime number?
True
Is 8369 a composite number?
False
Is 15893 a prime number?
False
Is 173347 prime?
True
Is 127599 prime?
False
Is 810737 prime?
True
Is 59905 composite?
True
Is 67853 a composite number?
False
Is 13201 a prime number?
False
Is 9019 a prime number?
False
Is 43823 a composite number?
True
Is 496081 a prime number?
False
Is 10007 prime?
True
Is 354565 composite?
True
Is 107441 prime?
True
Is 274541 prime?
False
Is 4037 prime?
False
Is 812587 a composite number?
False
Is 13613 a prime number?
True
Is 21487 a composite number?
False
Is 134557 prime?
False
Is 12531 composite?
True
Is 3011 a prime number?
True
Is 93614 composite?
True
Is 3067959 a prime number?
False
Is 17657 a composite number?
False
Is 334 a composite number?
True
Is 55763 composite?
False
Is 88721 composite?
False
Is 4237 a composite number?
True
Is 2734 a prime number?
False
Is 1076813 prime?
True
Is 14303 prime?
True
Is 9617 composite?
True
Is 836518 prime?
False
Is 79493 composite?
False
Is 46853 composite?
False
Is 11149 prime?
True
Is 24517 a composite number?
False
Is 1257647 a composite number?
False
Is 3177155 a composite number?
True
Is 299749 a prime number?
True
Is 9143 a prime number?
False
Is 7054 composite?
True
Is 4859 prime?
False
Is 4861 composite?
False
Is 962603 a prime number?
True
Is 13057 composite?
True
Is 54973 composite?
False
Is 13303 a composite number?
True
Is 96595 composite?
True
Is 684379